en 256523 is divided by 94?
91
Calculate the remainder when 321372 is divided by 62.
26
What is the remainder when 10119 is divided by 15?
9
Calculate the remainder when 19752 is divided by 41.
31
Calculate the remainder when 49260 is divided by 86.
68
What is the remainder when 860090 is divided by 31?
26
Calculate the remainder when 14560 is divided by 365.
325
What is the remainder when 230569 is divided by 2681?
3
What is the remainder when 912844 is divided by 43?
40
Calculate the remainder when 58013 is divided by 141.
62
Calculate the remainder when 10710 is divided by 3570.
0
Calculate the remainder when 24702 is divided by 81.
78
What is the remainder when 22710 is divided by 71?
61
What is the remainder when 6894 is divided by 10?
4
Calculate the remainder when 284067 is divided by 94675.
42
What is the remainder when 28864 is divided by 48?
16
What is the remainder when 774818 is divided by 146?
142
What is the remainder when 19093 is divided by 9541?
11
What is the remainder when 8347 is divided by 416?
27
What is the remainder when 38866 is divided by 38859?
7
What is the remainder when 1028412 is divided by 16?
12
Calculate the remainder when 3966 is divided by 985.
26
What is the remainder when 2018 is divided by 141?
44
Calculate the remainder when 11403 is divided by 238.
217
Calculate the remainder when 183867 is divided by 272.
267
Calculate the remainder when 14485 is divided by 963.
40
Calculate the remainder when 10245 is divided by 354.
333
What is the remainder when 17410 is divided by 1730?
110
What is the remainder when 2120390 is divided by 253?
250
Calculate the remainder when 6524 is divided by 130.
24
Calculate the remainder when 140626 is divided by 1134.
10
Calculate the remainder when 11915 is divided by 19.
2
What is the remainder when 605 is divided by 579?
26
Calculate the remainder when 28496 is divided by 8911.
1763
Calculate the remainder when 38982 is divided by 19.
13
Calculate the remainder when 812941 is divided by 88.
85
What is the remainder when 3706 is divided by 58?
52
What is the remainder when 11768 is divided by 22?
20
What is the remainder when 1936 is divided by 939?
58
What is the remainder when 822 is divided by 14?
10
Calculate the remainder when 16494 is divided by 100.
94
What is the remainder when 508 is divided by 44?
24
Calculate the remainder when 1829 is divided by 1176.
653
What is the remainder when 1671 is divided by 325?
46
What is the remainder when 2794 is divided by 931?
1
Calculate the remainder when 152136 is divided by 135.
126
What is the remainder when 23802 is divided by 3965?
12
Calculate the remainder when 976 is divided by 106.
22
What is the remainder when 2355 is divided by 298?
269
What is the remainder when 70330 is divided by 4?
2
What is the remainder when 5581 is divided by 918?
73
What is the remainder when 56438 is divided by 384?
374
What is the remainder when 13126 is divided by 162?
4
What is the remainder when 300911 is divided by 12?
11
Calculate the remainder when 3256 is divided by 3171.
85
What is the remainder when 13292 is divided by 221?
32
What is the remainder when 377449 is divided by 19?
14
What is the remainder when 40510 is divided by 121?
96
Calculate the remainder when 40247 is divided by 9.
8
What is the remainder when 400953 is divided by 223?
222
Calculate the remainder when 17391 is divided by 1756.
1587
What is the remainder when 78103 is divided by 33?
25
Calculate the remainder when 15468 is divided by 313.
131
Calculate the remainder when 3165 is divided by 929.
378
What is the remainder when 338421 is divided by 177?
174
What is the remainder when 12334 is divided by 101?
12
Calculate the remainder when 66790 is divided by 267.
40
Calculate the remainder when 1111 is divided by 1111.
0
Calculate the remainder when 1996 is divided by 208.
124
Calculate the remainder when 184616 is divided by 280.
96
What is the remainder when 60908 is divided by 282?
278
What is the remainder when 208053 is divided by 11?
10
Calculate the remainder when 53503 is divided by 44.
43
What is the remainder when 4273 is divided by 4269?
4
What is the remainder when 1545594 is divided by 21?
15
Calculate the remainder when 4794 is divided by 20.
14
What is the remainder when 292200 is divided by 29?
25
What is the remainder when 5797196 is divided by 101?
99
What is the remainder when 483 is divided by 193?
97
What is the remainder when 883 is divided by 110?
3
Calculate the remainder when 1484 is divided by 82.
8
What is the remainder when 23504 is divided by 1942?
200
Calculate the remainder when 15017 is divided by 627.
596
What is the remainder when 99006 is divided by 14?
12
Calculate the remainder when 111647 is divided by 385.
382
Calculate the remainder when 666668 is divided by 815.
813
What is the remainder when 84131 is divided by 54?
53
What is the remainder when 167 is divided by 59?
49
What is the remainder when 65817 is divided by 5964?
213
What is the remainder when 663 is divided by 571?
92
Calculate the remainder when 33114 is divided by 8273.
22
What is the remainder when 8326 is divided by 2748?
82
What is the remainder when 8080 is divided by 450?
430
What is the remainder when 188653 is divided by 8?
5
Calculate the remainder when 3125 is divided by 157.
142
What is the remainder when 138800 is divided by 1093?
1082
Calculate the remainder when 212667 is divided by 18.
15
Calculate the remainder when 55230 is divided by 681.
69
Calculate the remainder when 5148 is divided by 103.
101
What is the remainder when 582113 is divided by 66?
59
What is the remainder when 19178 is divided by 6387?
17
What is the remainder when 154 is divided by 9?
1
What is the remainder when 19512 is divided by 2785?
17
Calculate the remainder when 15163 is divided by 51.
16
Calculate the remainder when 602 is divided by 91.
56
What is the remainder when 2521 is divided by 191?
38
Calculate the remainder when 4881 is divided by 695.
16
Calculate the remainder when 4077 is divided by 64.
45
Calculate the remainder when 72762 is divided by 219.
54
What is the remainder when 6388 is divided by 99?
52
Calculate the remainder when 24713 is divided by 107.
103
Calculate the remainder when 2647 is divided by 52.
47
What is the remainder when 335 is divided by 214?
121
What is the remainder when 784157 is divided by 6?
5
Calculate the remainder when 28020 is divided by 7.
6
What is the remainder when 1417 is divided by 505?
407
Calculate the remainder when 1181 is divided by 31.
3
What is the remainder when 101790 is divided by 33916?
42
What is the remainder when 60926 is divided by 429?
8
Calculate the remainder when 21770 is divided by 41.
40
What is the remainder when 32766 is divided by 395?
376
What is the remainder when 10086 is divided by 1058?
564
What is the remainder when 184 is divided by 34?
14
Calculate the remainder when 4262 is divided by 27.
23
Calculate the remainder when 4129 is divided by 35.
34
What is the remainder when 22788 is divided by 71?
68
Calculate the remainder when 407647 is divided by 263.
260
Calculate the remainder when 3364 is divided by 1107.
43
What is the remainder when 17700 is divided by 149?
118
Calculate the remainder when 6983 is divided by 12.
11
What is the remainder when 14459 is divided by 70?
39
Calculate the remainder when 1030859 is divided by 27.
26
What is the remainder when 53497 is divided by 26748?
1
Calculate the remainder when 12507066 is divided by 7.
5
Calculate the remainder when 1656023 is divided by 12.
11
Calculate the remainder when 119787 is divided by 87.
75
Calculate the remainder when 282883 is divided by 141433.
17
Calculate the remainder when 328128 is divided by 19.
17
What is the remainder when 32485 is divided by 32451?
34
Calculate the remainder when 3912 is divided by 3860.
52
What is the remainder when 17033 is divided by 8455?
123
Calculate the remainder when 10605 is divided by 531.
516
What is the remainder when 70 is divided by 32?
6
What is the remainder when 3436 is divided by 1164?
1108
Calculate the remainder when 9132 is divided by 46.
24
What is the remainder when 8539 is divided by 1542?
829
What is the remainder when 744 is divided by 699?
45
Calculate the remainder when 